
8
Let z(u) be the second derivative of -u**5/20 + 11*u**4/12 - 2*u**2 + 15*u. What is the tens digit of z(10)?
9
Suppose -105*b - 2*k + 7611 = -102*b, -b - 2*k + 2541 = 0. What is the units digit of b?
5
Suppose 635 = 4*l + 3. What is the tens digit of l?
5
Suppose 2*d - 5*h + 202 + 204 = 0, 4*h = d + 209. Let x = d + 283. What is the tens digit of x?
9
Let o(v) = v**2 + 14*v - 8. Let m be o(-16). Let g = -14 + m. What is the tens digit of (-12)/20 + 346/g?
3
Let i(y) = 3*y**2 + 19*y - 26. What is the hundreds digit of i(11)?
5
Let d(y) = -y**2 - 16*y + 1. Let j be d(-13). Suppose 0 = -2*b + 104 + j. What is the units digit of b?
2
Let m(q) = 5*q**2 + 6*q. Let x be m(-4). Suppose 0 = -6*l + 88 + x. Let n = -9 + l. What is the tens digit of n?
1
Let z be (-36)/(-27)*(-9)/(-4). Suppose 5*t = -r + 180, -4*t + z*t = 5*r - 36. What is the tens digit of t?
3
Suppose 27*j - 16626 = 10*j. What is the hundreds digit of (2/(-6))/((-2)/j)?
1
Suppose -3*k = 2*d - 6*d, -4 = -k. Suppose d*i = i. Suppose i = -2*c - 3 + 55. What is the units digit of c?
6
Suppose -3*n - 3910 = -x, 2*x + 3914 = 3*x - n. What is the units digit of x?
6
What is the tens digit of (-12)/24*(-1631 - -1)?
1
Let z(y) = -12*y**3 + y**2 - 2*y + 1. Let s be z(-2). Let m = 180 - s. What is the units digit of m?
5
Let w(a) = -2*a**3 + 6*a**2 - 3*a - 4. Let l be (2 - 3 - (-1 - 1)) + -4. What is the hundreds digit of w(l)?
1
Suppose 18*h - 5*z - 12869 = 14*h, 3*z + 15 = 0. What is the thousands digit of h?
3
Let j be ((-3)/(15/16))/(8/(-380)). Let z = j - -111. What is the tens digit of z?
6
Suppose 3*g - 3*h - 30 = 0, h - 15 = -3*g - g. Suppose m - 4*m - g*u - 22 = 0, 5*m + 62 = -2*u. Let d = m + 33. What is the tens digit of d?
1
Suppose -5*o + 3 = 8. Let j be 5*(o - 103/5). Let h = -64 - j. What is the tens digit of h?
4
Suppose -1327*d + 1329*d = 1958. What is the units digit of d?
9
What is the hundreds digit of ((-2675)/(-100))/((-2)/(-32))?
4
What is the hundreds digit of (22/(-12)*-3)/((-26)/(-2704))?
5
Let t = 269 + -131. Suppose -4*n = -t - 602. Suppose -19*y + n = -14*y. What is the tens digit of y?
3
Let r(b) = -5*b - 42. Let z be r(-13). Suppose z*w + 356 = 27*w. What is the units digit of w?
9
Let k = 66 + -62. Suppose k*m + 6*m - 1770 = 0. What is the hundreds digit of m?
1
Let p be 2*(-3)/(-6) + 31. Suppose -5*j + 4*g + 37 - 4 = 0, -5*j + 17 = 4*g. Suppose -j*t - p = -7*t. What is the tens digit of t?
1
Suppose -4*w + 9781 = 5*a, -1734 - 8043 = -4*w - a. What is the tens digit of w?
4
Let t(m) = m**3 + 11*m**2 - 6*m + 14. Let k(l) = -l**2 - 6*l + 5. Let z be k(-8). Let q be t(z). Suppose -4*o = -0*o - q. What is the units digit of o?
0
Let u be 5/5 + (6 - 2). Let q(v) = -4 + 4*v - u*v + 13. What is the tens digit of q(-10)?
1
Let f be ((-10)/(-2))/((-4)/(-12)). Suppose -2*i - i = 4*c - 35, -2*c = i - f. Let n(k) = -k**3 + 6*k**2 + k - 12. What is the tens digit of n(i)?
1
Suppose 5*c - 2*c = 5*v - 9123, 0 = 5*v + 2*c - 9143. What is the units digit of v?
7
Let m(u) = u**3 + 5*u**2 - u - 3. Let a be m(-5). Suppose 4*n = a*n. Suppose 0 = -4*y - 16, -3*c = -y - n*y - 76. What is the units digit of c?
4
Let m(o) = -6*o - 71. Let r be m(10). Let i be 24/5*40*-1. Let t = r - i. What is the tens digit of t?
6
Let q(h) = -46*h + 29. Suppose 2*u + u - 8 = 5*n, 3*u + 28 = -4*n. What is the units digit of q(u)?
3
Suppose 2*m - 3*m + 3 = 0. What is the tens digit of (2 - -43) + (m - 5)?
4
Let c(t) = -46*t**2 - 43*t + 44. Let i be c(1). Let u = 234 + -150. Let o = u + i. What is the units digit of o?
9
Suppose 144*w - 140*w = 1172. What is the hundreds digit of w?
2
Let r(f) = 8*f**2 + 5*f - 3. Suppose -4*w - 3*d + 7*d = -12, -2*w - 4*d = -6. What is the tens digit of r(w)?
8
Let w = 267 + 932. What is the units digit of w?
9
Suppose 346 = a + 2*o, 0 = 3*a + 2*o - 1266 + 228. Let w be a/3 + (-1)/3. Suppose 0 = t - 6*t + w. What is the units digit of t?
3
Let d(r) = -4*r**3 + r. Let j be d(-1). Let o(p) = p**2 + 6*p - 7. What is the tens digit of o(j)?
2
Let r(s) = 3*s**3 - 7*s**2 + 8*s - 8. Let a be r(4). Suppose 0 = 15*m - 11*m - a. What is the units digit of m?
6
Let i(f) = -f**3 + 3*f**2 + 3*f - 2. Let l be i(5). Let n = l - -53. Let w = n - 1. What is the tens digit of w?
1
Suppose -5*t - l + 7505 = 0, 8*t + 4*l + 4480 = 11*t. What is the thousands digit of t?
1
Suppose 5*v + 3*y + 17 = -y, 5*v + 8 = -y. Let t be (-152)/(-19) - (1 - v). Suppose 2*u - 41 = -3*r, -t*u + u - 5*r = -105. What is the tens digit of u?
2
Suppose 5*f + 0*x - x - 365 = 0, -149 = -2*f + x. What is the units digit of f?
2
Let f(u) = -3*u**2 - 5*u - 1. Let z be f(-4). Let l be (-356)/(-6) - 24/(-36). Let w = l + z. What is the units digit of w?
1
Suppose -3*w + 12*w = 63. Suppose 5*a - w*a = -112. What is the units digit of a?
6
Suppose 5*h - 2*m - 1936 - 2929 = 0, -1952 = -2*h + 2*m. What is the hundreds digit of h?
9
Let z(o) = o**2 - 4*o - 15. Let b = 108 - 98. What is the tens digit of z(b)?
4
Let y(c) = -9*c**3 + 7*c**2 - 37*c - 9. What is the thousands digit of y(-6)?
2
Suppose 5*b + 6 = z - 2*z, 5*b + 10 = -5*z. What is the tens digit of z/(3/12) + 103?
9
Let q be 30/15*1*2. Let n be (-1)/2 + (-22)/(-4). Suppose -q*t + 78 = 3*b, -b + 4*t - 104 = -n*b. What is the units digit of b?
6
Let v(w) = w**3 + w**2 - w - 1. Let m(h) = -9*h**3 - 9*h**2 + 18*h + 11. Let z(x) = m(x) + 6*v(x). What is the tens digit of z(-4)?
0
Let z = 86 - 82. What is the units digit of (124 + -6)*2/z?
9
Let z = -86 - -161. Let k = -27 + z. Suppose -9*c + k = -6*c. What is the units digit of c?
6
What is the units digit of (-211)/((-1)/(3/1))?
3
What is the tens digit of (-4710)/(-20) + 5/2?
3
Let t be (1/2)/((-1)/(-18)). Let u(j) = -10*j + 12*j**2 - 13*j**2 - t - 3*j. What is the units digit of u(-7)?
3
Let w be (-4 - -6)*(-3 + 388/(-8)). Let h = -67 - w. What is the tens digit of h?
3
Let r(d) = -2*d + 22. Let x be r(12). Let w = 26 - x. What is the units digit of w?
8
What is the tens digit of (84/63)/((-1)/(-261))?
4
Let c(m) = -68*m + 195. What is the thousands digit of c(-23)?
1
Let l(b) = 19*b + 4. Let x be l(-1). Suppose 3*d + 37 = -26. Let w = x - d. What is the units digit of w?
6
Let j be (12/16)/((-3)/(-8)). What is the tens digit of 11 + j + -1 + 1?
1
Suppose 2*n = 3 + 1. Suppose 0 = -3*m + 4*t + 216, 5*t + 74 = n*m - 63. What is the tens digit of m?
7
Suppose -5*n + 450 = 5*q - 10*q, 2*q = -4*n + 378. Let r = -1 + n. Suppose -r = 5*b - 9*b. What is the units digit of b?
3
What is the thousands digit of 2079/252*472/3?
1
Suppose 0 = -6*g - 4*g - 1050. Let c = -14 - g. What is the units digit of c?
1
Suppose -2*m - 2 = 5*u - 20, m - 3*u = -2. Suppose 0 = n - m - 3. Suppose 3*d - 5*t + 65 = n*d, 106 = 5*d - 2*t. What is the units digit of d?
0
Let j(w) = 3*w**2 - 22*w + 27. What is the units digit of j(17)?
0
Suppose -5*h = 3*s + 11, 7 - 14 = 3*s + h. Let q(f) = 4*f**2 - f. Let b be q(s). Suppose u - b = 5*y - 4, 5*y + 42 = 3*u. What is the units digit of u?
4
Let c = -33 + 33. What is the tens digit of c + 52 + (3 + -3)/(-2)?
5
Suppose 3*l + 102 = 111, 5*b + 3*l - 7894 = 0. What is the thousands digit of b?
1
Let u be (7/(-2))/((-3)/318). Suppose u = 4*j - o, -3*o + 200 = 3*j - 82. What is the tens digit of j?
9
Suppose -18*h + 23*h + 570 = 0. What is the units digit of (-337)/(-5) - (h/15 - -7)?
8
Suppose 6*p = 12*p. Suppose p = 5*j + 97 - 392. What is the tens digit of j?
5
Let g = -598 - -419. Let j = g + 278. What is the tens digit of j?
9
Let m be ((-40)/3)/((-1)/3). Suppose 106 - m = 2*i. Suppose -20 = -y + i. What is the units digit of y?
3
Let k(m) = 1370*m**2 - 2. What is the hundreds digit of k(1)?
3
Let u(s) = 70*s - 97. What is the tens digit of u(19)?
3
Suppose 2712 + 1938 = 10*q. What is the units digit of q?
5
Suppose 144*z + 12954 = 150*z. What is the hundreds digit of z?
1
Let n(l) be the first derivative of l**4/4 - 2*l**3 + l**2/2 + 9*l - 7. Let x be n(7). Let a = 109 - x. What is the units digit of a?
4
Suppose 120 = 3*w + 2*w + 4*o, -5*w + 3*o + 120 = 0. Let i = w + 5. What is the tens digit of i?
2
Let d be (-4 + 3/(-2))*2. Let a = d - -14. Suppose 104 = -w + a*w. What is the units digit of w?
2
Let v(q) = q**3 + 9*q**2 - 10*q + 7. Let d be v(6). Let i = d + -200. What is the tens digit of i?
8
